{"id":198,"date":"2023-11-13T06:22:47","date_gmt":"2023-11-13T06:22:47","guid":{"rendered":"https:\/\/neumaticoparacamion.com\/?post_type=product&#038;p=198"},"modified":"2024-02-27T08:59:05","modified_gmt":"2024-02-27T08:59:05","slug":"llantas-20-fr778-es-adecuado-para-ejes-motrices-de-neumaticos","status":"publish","type":"product","link":"https:\/\/neumaticoparacamion.com\/?product=llantas-20-fr778-es-adecuado-para-ejes-motrices-de-neumaticos","title":{"rendered":"FR778 Steer wheel"},"content":{"rendered":"<h3>Caracter\u00edsticas<\/h3>\n<ul>\n<li>La distribuci\u00f3n de presi\u00f3n estable y uniforme combinada con un dise\u00f1o de distribuci\u00f3n de s\u00faper rigidez proporciona a los neum\u00e1ticos un mayor kilometraje de desgaste.<\/li>\n<li>La corona del neum\u00e1tico est\u00e1 dise\u00f1ada con un proceso de bobinado de capas de cinta infinita de alambre de acero para acompa\u00f1ar la conducci\u00f3n segura del neum\u00e1tico.<\/li>\n<li>La banda de rodadura adopta un nuevo material de refuerzo para mejorar el rendimiento de desgaste de la banda de rodadura, reducir eficazmente la resistencia a la disoluci\u00f3n del neum\u00e1tico y ahorrar combustible del veh\u00edculo.<\/li>\n<\/ul>\n<h3>Especificaci\u00f3n<\/h3>\n<table width=\"787\">\n<tbody>\n<tr>\n<td rowspan=\"2\" width=\"117\">\u00a0Medida<\/td>\n<td rowspan=\"2\" width=\"142\">PR<\/td>\n<td width=\"62\">\u00a0Est\u00e1ndar<\/td>\n<td width=\"54\">\u00a0Carga<\/td>\n<td width=\"54\">Velocidad<\/td>\n<td rowspan=\"2\" width=\"63\">Ancho de la secci\u00f3n<\/td>\n<td width=\"54\">O.D(mm)<\/td>\n<td rowspan=\"2\" width=\"67\">Profundidad de la banda de rodadura<\/td>\n<td colspan=\"2\" width=\"108\">Capacidad de carga<\/td>\n<td rowspan=\"2\" width=\"65\">Ancho de la pisada (mm)<\/td>\n<\/tr>\n<tr>\n<td width=\"62\">Rim<\/td>\n<td width=\"54\">\u00edndice<\/td>\n<td width=\"54\">valuaci\u00f3n<\/td>\n<td width=\"54\">\u00edndice<\/td>\n<td width=\"54\">Soltero<\/td>\n<td width=\"54\">\u00a0Doble<\/td>\n<\/tr>\n<tr>\n<td>315\/70R22.5<\/td>\n<td>20<\/td>\n<td>9.00<\/td>\n<td>156\/153<\/td>\n<td>L<\/td>\n<td>310<\/td>\n<td>1010<\/td>\n<td>16.0<\/td>\n<td>4000<\/td>\n<td>3350<\/td>\n<td>274<\/td>\n<\/tr>\n<\/tbody>\n<\/table>\n","protected":false},"excerpt":{"rendered":"<h2><a href=\"https:\/\/neumaticoparacamion.com\/?page_id=49\">llantas 20 FR778<\/a> es adecuado para ejes motrices de neum\u00e1ticos de carretera de servicio de larga distancia para largas millas con mejor capacidad de recauchutado<\/h2>\n","protected":false},"featured_media":517,"comment_status":"open","ping_status":"closed","template":"","meta":[],"product_cat":[15],"product_tag":[],"_links":{"self":[{"href":"https:\/\/neumaticoparacamion.com\/index.php?rest_route=\/wp\/v2\/product\/198"}],"collection":[{"href":"https:\/\/neumaticoparacamion.com\/index.php?rest_route=\/wp\/v2\/product"}],"about":[{"href":"https:\/\/neumaticoparacamion.com\/index.php?rest_route=\/wp\/v2\/types\/product"}],"replies":[{"embeddable":true,"href":"https:\/\/neumaticoparacamion.com\/index.php?rest_route=%2Fwp%2Fv2%2Fcomments&post=198"}],"wp:featuredmedia":[{"embeddable":true,"href":"https:\/\/neumaticoparacamion.com\/index.php?rest_route=\/wp\/v2\/media\/517"}],"wp:attachment":[{"href":"https:\/\/neumaticoparacamion.com\/index.php?rest_route=%2Fwp%2Fv2%2Fmedia&parent=198"}],"wp:term":[{"taxonomy":"product_cat","embeddable":true,"href":"https:\/\/neumaticoparacamion.com\/index.php?rest_route=%2Fwp%2Fv2%2Fproduct_cat&post=198"},{"taxonomy":"product_tag","embeddable":true,"href":"https:\/\/neumaticoparacamion.com\/index.php?rest_route=%2Fwp%2Fv2%2Fproduct_tag&post=198"}],"curies":[{"name":"wp","href":"https:\/\/api.w.org\/{rel}","templated":true}]}}