{"id":204,"date":"2023-11-13T07:42:00","date_gmt":"2023-11-13T07:42:00","guid":{"rendered":"https:\/\/neumaticoparacamion.com\/?post_type=product&#038;p=204"},"modified":"2024-02-27T08:47:16","modified_gmt":"2024-02-27T08:47:16","slug":"llantas-de-camion-22-5-fd959-es-adecuado-para-neumaticos","status":"publish","type":"product","link":"https:\/\/neumaticoparacamion.com\/?product=llantas-de-camion-22-5-fd959-es-adecuado-para-neumaticos","title":{"rendered":"FD959  Drive wheel"},"content":{"rendered":"<h3>Caracter\u00edsticas<\/h3>\n<ul>\n<li>Los fuertes bloques independientes y la optimizaci\u00f3n del dise\u00f1o de los bloques proporcionan una buena tracci\u00f3n.<\/li>\n<li>Las ranuras de gran \u00e1ngulo en forma de V evitan la retenci\u00f3n de piedras de manera eficiente<\/li>\n<li>Los hombros abiertos y las entalladuras de los hombros ayudan a irradiar calor para un buen rendimiento de resistencia.<\/li>\n<li>La banda de rodadura ultra ancha y los surcos ultra profundos ofrecen una vida \u00fatil m\u00e1s larga.<\/li>\n<\/ul>\n<h3>Especificaci\u00f3n<\/h3>\n<table width=\"992\">\n<tbody>\n<tr>\n<td rowspan=\"2\" width=\"131\">Size<\/td>\n<td rowspan=\"2\" width=\"332\">PR<\/td>\n<td width=\"62\">Standard<\/td>\n<td width=\"54\">Load<\/td>\n<td rowspan=\"2\" width=\"54\">Speed Rating<\/td>\n<td rowspan=\"2\" width=\"63\">Section width(mm)<\/td>\n<td rowspan=\"2\" width=\"54\">O.D(mm)<\/td>\n<td rowspan=\"2\" width=\"67\">Tread Depth(mm)<\/td>\n<td colspan=\"2\" width=\"108\">Load Capacity<\/td>\n<td rowspan=\"2\" width=\"65\">TREAD Width(mm)<\/td>\n<\/tr>\n<tr>\n<td width=\"62\">Rim<\/td>\n<td width=\"54\">index<\/td>\n<td width=\"54\">Single<\/td>\n<td width=\"54\">Dual<\/td>\n<\/tr>\n<tr>\n<td>11R22.5<\/td>\n<td width=\"332\">18<\/td>\n<td width=\"62\">8.25<\/td>\n<td width=\"54\">149\/146<\/td>\n<td width=\"54\">L<\/td>\n<td width=\"63\">279<\/td>\n<td width=\"54\">1065<\/td>\n<td width=\"67\">25.0<\/td>\n<td width=\"54\">3250<\/td>\n<td width=\"54\">3000<\/td>\n<td width=\"65\">230<\/td>\n<\/tr>\n<tr>\n<td>11R24.5<\/td>\n<td width=\"332\">16<\/td>\n<td width=\"62\">8.25<\/td>\n<td width=\"54\">149\/146<\/td>\n<td width=\"54\">L<\/td>\n<td width=\"63\">279<\/td>\n<td width=\"54\">1116<\/td>\n<td width=\"67\">25.0<\/td>\n<td>3250<\/td>\n<td>3000<\/td>\n<td>230<\/td>\n<\/tr>\n<\/tbody>\n<\/table>\n","protected":false},"excerpt":{"rendered":"<h2><a href=\"https:\/\/neumaticoparacamion.com\/?page_id=49\">llantas de camion 22.5<\/a> FD959 llanta 11 22.5 es adecuado para neum\u00e1ticos de tracci\u00f3n dise\u00f1ados para maximizar la tracci\u00f3n cuando se opera en aplicaciones extremas dentro y fuera de la carretera, como silvicultura, tala, miner\u00eda, campos petroleros y construcci\u00f3n.<\/h2>\n","protected":false},"featured_media":514,"comment_status":"open","ping_status":"closed","template":"","meta":[],"product_cat":[15],"product_tag":[],"_links":{"self":[{"href":"https:\/\/neumaticoparacamion.com\/index.php?rest_route=\/wp\/v2\/product\/204"}],"collection":[{"href":"https:\/\/neumaticoparacamion.com\/index.php?rest_route=\/wp\/v2\/product"}],"about":[{"href":"https:\/\/neumaticoparacamion.com\/index.php?rest_route=\/wp\/v2\/types\/product"}],"replies":[{"embeddable":true,"href":"https:\/\/neumaticoparacamion.com\/index.php?rest_route=%2Fwp%2Fv2%2Fcomments&post=204"}],"wp:featuredmedia":[{"embeddable":true,"href":"https:\/\/neumaticoparacamion.com\/index.php?rest_route=\/wp\/v2\/media\/514"}],"wp:attachment":[{"href":"https:\/\/neumaticoparacamion.com\/index.php?rest_route=%2Fwp%2Fv2%2Fmedia&parent=204"}],"wp:term":[{"taxonomy":"product_cat","embeddable":true,"href":"https:\/\/neumaticoparacamion.com\/index.php?rest_route=%2Fwp%2Fv2%2Fproduct_cat&post=204"},{"taxonomy":"product_tag","embeddable":true,"href":"https:\/\/neumaticoparacamion.com\/index.php?rest_route=%2Fwp%2Fv2%2Fproduct_tag&post=204"}],"curies":[{"name":"wp","href":"https:\/\/api.w.org\/{rel}","templated":true}]}}