{"id":208,"date":"2023-11-13T08:35:29","date_gmt":"2023-11-13T08:35:29","guid":{"rendered":"https:\/\/neumaticoparacamion.com\/?post_type=product&#038;p=208"},"modified":"2024-02-27T08:39:06","modified_gmt":"2024-02-27T08:39:06","slug":"llantas-para-camion-rin-22-5-fr658","status":"publish","type":"product","link":"https:\/\/neumaticoparacamion.com\/?product=llantas-para-camion-rin-22-5-fr658","title":{"rendered":"FR658 Drive wheel"},"content":{"rendered":"<h3>Caracter\u00edsticas<\/h3>\n<ul>\n<li>El dise\u00f1o de las ranuras de la banda de rodadura proporciona una excelente estabilidad y un mayor kilometraje.<\/li>\n<li>La f\u00f3rmula especial de caucho de la banda de rodadura ofrece una mejor resistencia al frote.<\/li>\n<li>El dise\u00f1o \u00fanico de ranura proporciona un excelente manejo.<\/li>\n<li>La baja resistencia a la rodadura reduce el consumo de combustible, lo que hace que el neum\u00e1tico sea econ\u00f3mico y ecol\u00f3gico.<\/li>\n<\/ul>\n<h3>Especificaci\u00f3n<\/h3>\n<table width=\"992\">\n<tbody>\n<tr>\n<td rowspan=\"2\" width=\"131\">Size<\/td>\n<td rowspan=\"2\" width=\"332\">PR<\/td>\n<td width=\"62\">Standard<\/td>\n<td width=\"54\">Load<\/td>\n<td rowspan=\"2\" width=\"54\">Speed Rating<\/td>\n<td rowspan=\"2\" width=\"63\">Section width(mm)<\/td>\n<td rowspan=\"2\" width=\"54\">O.D(mm)<\/td>\n<td rowspan=\"2\" width=\"67\">Tread Depth(mm)<\/td>\n<td colspan=\"2\" width=\"108\">Load Capacity<\/td>\n<td rowspan=\"2\" width=\"65\">TREAD Width(mm)<\/td>\n<\/tr>\n<tr>\n<td width=\"62\">Rim<\/td>\n<td width=\"54\">index<\/td>\n<td width=\"54\">Single<\/td>\n<td width=\"54\">Dual<\/td>\n<\/tr>\n<tr>\n<td width=\"131\">295\/80R22.5<\/td>\n<td width=\"332\">18<\/td>\n<td width=\"62\">8.25<\/td>\n<td width=\"54\">152\/149<\/td>\n<td width=\"54\">M<\/td>\n<td width=\"63\">298<\/td>\n<td width=\"54\">1044<\/td>\n<td width=\"67\">20.0<\/td>\n<td width=\"54\">3550<\/td>\n<td width=\"54\">3250<\/td>\n<td width=\"65\">240<\/td>\n<\/tr>\n<tr>\n<td width=\"131\">S MULTI315\/80R22.5<\/td>\n<td width=\"332\">20<\/td>\n<td width=\"62\">9.00<\/td>\n<td width=\"54\">157\/154<\/td>\n<td width=\"54\">K<\/td>\n<td width=\"63\">312<\/td>\n<td width=\"54\">1076<\/td>\n<td width=\"67\">20.0<\/td>\n<td width=\"54\">4125<\/td>\n<td width=\"54\">3750<\/td>\n<td width=\"65\">242<\/td>\n<\/tr>\n<\/tbody>\n<\/table>\n","protected":false},"excerpt":{"rendered":"<h2><a href=\"https:\/\/neumaticoparacamion.com\/?page_id=49\">llantas para camion rin 22.5<\/a> FR658 es el m\u00e1s duradero de los neum\u00e1ticos de cami\u00f3n adecuado para la posici\u00f3n de conducci\u00f3n de camiones en neum\u00e1ticos regionales<\/h2>\n","protected":false},"featured_media":511,"comment_status":"open","ping_status":"closed","template":"","meta":[],"product_cat":[15],"product_tag":[],"_links":{"self":[{"href":"https:\/\/neumaticoparacamion.com\/index.php?rest_route=\/wp\/v2\/product\/208"}],"collection":[{"href":"https:\/\/neumaticoparacamion.com\/index.php?rest_route=\/wp\/v2\/product"}],"about":[{"href":"https:\/\/neumaticoparacamion.com\/index.php?rest_route=\/wp\/v2\/types\/product"}],"replies":[{"embeddable":true,"href":"https:\/\/neumaticoparacamion.com\/index.php?rest_route=%2Fwp%2Fv2%2Fcomments&post=208"}],"wp:featuredmedia":[{"embeddable":true,"href":"https:\/\/neumaticoparacamion.com\/index.php?rest_route=\/wp\/v2\/media\/511"}],"wp:attachment":[{"href":"https:\/\/neumaticoparacamion.com\/index.php?rest_route=%2Fwp%2Fv2%2Fmedia&parent=208"}],"wp:term":[{"taxonomy":"product_cat","embeddable":true,"href":"https:\/\/neumaticoparacamion.com\/index.php?rest_route=%2Fwp%2Fv2%2Fproduct_cat&post=208"},{"taxonomy":"product_tag","embeddable":true,"href":"https:\/\/neumaticoparacamion.com\/index.php?rest_route=%2Fwp%2Fv2%2Fproduct_tag&post=208"}],"curies":[{"name":"wp","href":"https:\/\/api.w.org\/{rel}","templated":true}]}}