{"id":225,"date":"2023-11-14T02:23:15","date_gmt":"2023-11-14T02:23:15","guid":{"rendered":"https:\/\/neumaticoparacamion.com\/?post_type=product&#038;p=225"},"modified":"2024-03-11T06:19:32","modified_gmt":"2024-03-11T06:19:32","slug":"fr886-neumaticos-295-80r22-5-los-neumaticos-de-direccion","status":"publish","type":"product","link":"https:\/\/neumaticoparacamion.com\/?product=fr886-neumaticos-295-80r22-5-los-neumaticos-de-direccion","title":{"rendered":"FR886 Ruedas de direcci\u00f3n"},"content":{"rendered":"<h3>Caracter\u00edsticas<\/h3>\n<ul>\n<li>Las ranuras poco profundas en la banda de rodadura proporcionan un fuerte agarre y resistencia al deslizamiento.<\/li>\n<li>La superficie de conducci\u00f3n ampliada proporciona una presi\u00f3n de contacto uniforme y un rendimiento de conducci\u00f3n estable y c\u00f3modo.<\/li>\n<li>El hombro ensanchado y las finas ranuras transversales \u00fanicas proporcionan enfriamiento en funcionamiento para reducir el desgaste desigual.<\/li>\n<\/ul>\n<h3>Especificaci\u00f3n<\/h3>\n<table width=\"1122\">\n<tbody>\n<tr>\n<td rowspan=\"2\" width=\"131\">Medida<\/td>\n<td rowspan=\"2\" width=\"415\">PR<\/td>\n<td width=\"62\">Est\u00e1ndar<\/td>\n<td width=\"54\">Carga<\/td>\n<td rowspan=\"2\" width=\"70\">Velocidad<br \/>\nvaluaci\u00f3n<\/td>\n<td rowspan=\"2\" width=\"93\">Ancho de la secci\u00f3n(mm)<\/td>\n<td rowspan=\"2\" width=\"54\">O.D(mm)<\/td>\n<td rowspan=\"2\" width=\"67\">Profundidad de la banda de rodadura(mm)<\/td>\n<td colspan=\"2\" width=\"108\">Capacidad de carga<\/td>\n<td rowspan=\"2\" width=\"65\">Ancho de la pisada (mm)<\/td>\n<\/tr>\n<tr>\n<td width=\"62\">Rim<\/td>\n<td width=\"54\">\u00edndice<\/td>\n<td width=\"54\">Soltero<\/td>\n<td width=\"54\">\u00a0Doble<\/td>\n<\/tr>\n<tr>\n<td width=\"131\">11R22.5<\/td>\n<td width=\"415\">18PR<\/td>\n<td width=\"62\">8.25<\/td>\n<td width=\"54\">149\/146<\/td>\n<td width=\"70\">L<\/td>\n<td width=\"93\">279<\/td>\n<td width=\"54\">1065<\/td>\n<td width=\"67\">15.0<\/td>\n<td width=\"54\">3250<\/td>\n<td width=\"54\">3000<\/td>\n<td width=\"65\">220<\/td>\n<\/tr>\n<tr>\n<td width=\"131\">11R24.5<\/td>\n<td width=\"415\">16PR<\/td>\n<td width=\"62\">8.25<\/td>\n<td width=\"54\">149\/146<\/td>\n<td width=\"70\">M<\/td>\n<td width=\"93\">279<\/td>\n<td width=\"54\">1116<\/td>\n<td width=\"67\">15.0<\/td>\n<td width=\"54\">3250<\/td>\n<td width=\"54\">3000<\/td>\n<td>215<\/td>\n<\/tr>\n<tr>\n<td width=\"131\">295\/80R22.5<\/td>\n<td width=\"415\">18PR<\/td>\n<td width=\"62\">9.00<\/td>\n<td width=\"54\">152\/149<\/td>\n<td width=\"70\">M<\/td>\n<td width=\"93\">298<\/td>\n<td width=\"54\">1050<\/td>\n<td width=\"67\">16.0<\/td>\n<td width=\"54\">3550<\/td>\n<td width=\"54\">3250<\/td>\n<td>240<\/td>\n<\/tr>\n<\/tbody>\n<\/table>\n","protected":false},"excerpt":{"rendered":"<h2><a href=\"https:\/\/neumaticoparacamion.com\/?page_id=49\">FR886\u00a0neumaticos 295 80r22 5<\/a> neumatico radial Los neum\u00e1ticos de direcci\u00f3n son adecuados para camiones regionales y de larga distancia<\/h2>\n","protected":false},"featured_media":368,"comment_status":"open","ping_status":"closed","template":"","meta":[],"product_cat":[15],"product_tag":[],"_links":{"self":[{"href":"https:\/\/neumaticoparacamion.com\/index.php?rest_route=\/wp\/v2\/product\/225"}],"collection":[{"href":"https:\/\/neumaticoparacamion.com\/index.php?rest_route=\/wp\/v2\/product"}],"about":[{"href":"https:\/\/neumaticoparacamion.com\/index.php?rest_route=\/wp\/v2\/types\/product"}],"replies":[{"embeddable":true,"href":"https:\/\/neumaticoparacamion.com\/index.php?rest_route=%2Fwp%2Fv2%2Fcomments&post=225"}],"wp:featuredmedia":[{"embeddable":true,"href":"https:\/\/neumaticoparacamion.com\/index.php?rest_route=\/wp\/v2\/media\/368"}],"wp:attachment":[{"href":"https:\/\/neumaticoparacamion.com\/index.php?rest_route=%2Fwp%2Fv2%2Fmedia&parent=225"}],"wp:term":[{"taxonomy":"product_cat","embeddable":true,"href":"https:\/\/neumaticoparacamion.com\/index.php?rest_route=%2Fwp%2Fv2%2Fproduct_cat&post=225"},{"taxonomy":"product_tag","embeddable":true,"href":"https:\/\/neumaticoparacamion.com\/index.php?rest_route=%2Fwp%2Fv2%2Fproduct_tag&post=225"}],"curies":[{"name":"wp","href":"https:\/\/api.w.org\/{rel}","templated":true}]}}