{"id":232,"date":"2023-11-14T02:57:47","date_gmt":"2023-11-14T02:57:47","guid":{"rendered":"https:\/\/neumaticoparacamion.com\/?post_type=product&#038;p=232"},"modified":"2024-03-11T06:12:51","modified_gmt":"2024-03-11T06:12:51","slug":"llantas-22-5-camion-fdl707-es-un-neumatico-para-camion","status":"publish","type":"product","link":"https:\/\/neumaticoparacamion.com\/?product=llantas-22-5-camion-fdl707-es-un-neumatico-para-camion","title":{"rendered":"FDL707 Rueda motriz"},"content":{"rendered":"<h3>Caracter\u00edsticas<\/h3>\n<p>\u2022El patr\u00f3n de bloques grandes especialmente dise\u00f1ado para el servicio de miner\u00eda y construcci\u00f3n proporciona excelente agarre y tracci\u00f3n.<br \/>\n\u2022 Exclusivo sistema de f\u00f3rmula antipinchazos en la banda de rodadura contra roces y pinchazos.<br \/>\n\u2022 La estructura especial de refuerzo del tal\u00f3n est\u00e1 dise\u00f1ada contra el agrietamiento del tal\u00f3n y mejora la capacidad de carga.<br \/>\n\u2022 La banda de rodadura ancha y profunda garantiza una distribuci\u00f3n uniforme de la capacidad de carga y mejora la resistencia al desgaste.<br \/>\n\u2022 Es adecuado para veh\u00edculos dentro y fuera del \u00e1rea minera con condiciones de camino mixto.<br \/>\n\u2022 Distancia de transporte inferior a 80 km y gran capacidad de carga.<br \/>\n\u2022 Capacidad de carga de un solo neum\u00e1tico \u2266220% y velocidad \u226650km\/h<br \/>\n\u2022 Veh\u00edculos de aplicaci\u00f3n: volquete y volquete.<\/p>\n<h3>Especificaci\u00f3n<\/h3>\n<table width=\"1122\">\n<tbody>\n<tr>\n<td rowspan=\"2\" width=\"131\">Medida<\/td>\n<td rowspan=\"2\" width=\"415\">PR<\/td>\n<td width=\"62\">Est\u00e1ndar<\/td>\n<td width=\"54\">Carga<\/td>\n<td rowspan=\"2\" width=\"70\">Velocidad<br \/>\nvaluaci\u00f3n<\/td>\n<td rowspan=\"2\" width=\"93\">Ancho de la secci\u00f3n(mm)<\/td>\n<td rowspan=\"2\" width=\"54\">O.D(mm)<\/td>\n<td rowspan=\"2\" width=\"67\">Profundidad de la banda de rodadura(mm)<\/td>\n<td colspan=\"2\" width=\"108\">Capacidad de carga<\/td>\n<td rowspan=\"2\" width=\"65\">Ancho de la pisada (mm)<\/td>\n<\/tr>\n<tr>\n<td width=\"62\">Rim<\/td>\n<td width=\"54\">\u00edndice<\/td>\n<td width=\"54\">Soltero<\/td>\n<td width=\"54\">\u00a0Doble<\/td>\n<\/tr>\n<tr>\n<td width=\"131\">12.00R20<\/td>\n<td width=\"415\">20<\/td>\n<td width=\"62\">8.50<\/td>\n<td width=\"54\">156\/153<\/td>\n<td width=\"70\">D<\/td>\n<td width=\"93\">315<\/td>\n<td width=\"54\">1133<\/td>\n<td width=\"67\">24.5<\/td>\n<td width=\"54\">4000<\/td>\n<td width=\"54\">3650<\/td>\n<td width=\"65\">245<\/td>\n<\/tr>\n<\/tbody>\n<\/table>\n","protected":false},"excerpt":{"rendered":"<h2><a href=\"https:\/\/neumaticoparacamion.com\/?page_id=49\">Llantas 22.5 Camion<\/a> FDL707 llantas chinas marcas es un neum\u00e1tico para cami\u00f3n volquete con eje motriz de banda de rodadura ancha y profunda 12r20 en carreteras en mal estado de miner\u00eda.<\/h2>\n","protected":false},"featured_media":357,"comment_status":"open","ping_status":"closed","template":"","meta":[],"product_cat":[15],"product_tag":[],"_links":{"self":[{"href":"https:\/\/neumaticoparacamion.com\/index.php?rest_route=\/wp\/v2\/product\/232"}],"collection":[{"href":"https:\/\/neumaticoparacamion.com\/index.php?rest_route=\/wp\/v2\/product"}],"about":[{"href":"https:\/\/neumaticoparacamion.com\/index.php?rest_route=\/wp\/v2\/types\/product"}],"replies":[{"embeddable":true,"href":"https:\/\/neumaticoparacamion.com\/index.php?rest_route=%2Fwp%2Fv2%2Fcomments&post=232"}],"wp:featuredmedia":[{"embeddable":true,"href":"https:\/\/neumaticoparacamion.com\/index.php?rest_route=\/wp\/v2\/media\/357"}],"wp:attachment":[{"href":"https:\/\/neumaticoparacamion.com\/index.php?rest_route=%2Fwp%2Fv2%2Fmedia&parent=232"}],"wp:term":[{"taxonomy":"product_cat","embeddable":true,"href":"https:\/\/neumaticoparacamion.com\/index.php?rest_route=%2Fwp%2Fv2%2Fproduct_cat&post=232"},{"taxonomy":"product_tag","embeddable":true,"href":"https:\/\/neumaticoparacamion.com\/index.php?rest_route=%2Fwp%2Fv2%2Fproduct_tag&post=232"}],"curies":[{"name":"wp","href":"https:\/\/api.w.org\/{rel}","templated":true}]}}