{"id":251,"date":"2023-11-14T08:25:45","date_gmt":"2023-11-14T08:25:45","guid":{"rendered":"https:\/\/neumaticoparacamion.com\/?post_type=product&#038;p=251"},"modified":"2024-02-28T06:37:55","modified_gmt":"2024-02-28T06:37:55","slug":"fr202-llantas-y-llantas-son-neumaticos-radiales-para-camiones","status":"publish","type":"product","link":"https:\/\/neumaticoparacamion.com\/?product=fr202-llantas-y-llantas-son-neumaticos-radiales-para-camiones","title":{"rendered":"FR202 Rueda de tracci\u00f3n"},"content":{"rendered":"<h3>Caracter\u00edsticas<\/h3>\n<ul>\n<li>Las ranuras transversales ensanchadas en los hombros mejoran el rendimiento de conducci\u00f3n y la resistencia al deslizamiento del neum\u00e1tico.<\/li>\n<li>La mayor saturaci\u00f3n del patr\u00f3n y la superficie de conducci\u00f3n ensanchada mejoran efectivamente la vida \u00fatil de los neum\u00e1ticos.<\/li>\n<li>Las barras de conexi\u00f3n de bloques garantizan que los bloques no se rompan ni se caigan.<\/li>\n<\/ul>\n<h3>Especificaci\u00f3n<\/h3>\n<table width=\"1122\">\n<tbody>\n<tr>\n<td rowspan=\"2\" width=\"131\">Medida<\/td>\n<td rowspan=\"2\" width=\"415\">PR<\/td>\n<td width=\"62\">Est\u00e1ndar<\/td>\n<td width=\"54\">Carga<\/td>\n<td rowspan=\"2\" width=\"70\">Velocidad<br \/>\nvaluaci\u00f3n<\/td>\n<td rowspan=\"2\" width=\"93\">Ancho de la secci\u00f3n(mm)<\/td>\n<td rowspan=\"2\" width=\"54\">O.D(mm)<\/td>\n<td rowspan=\"2\" width=\"67\">Profundidad de la banda de rodadura(mm)<\/td>\n<td colspan=\"2\" width=\"108\">Capacidad de carga<\/td>\n<td rowspan=\"2\" width=\"65\">Ancho de la pisada (mm)<\/td>\n<\/tr>\n<tr>\n<td width=\"62\">Rim<\/td>\n<td width=\"54\">\u00edndice<\/td>\n<td width=\"54\">Soltero<\/td>\n<td width=\"54\">\u00a0Doble<\/td>\n<\/tr>\n<tr>\n<td>11R22.5<\/td>\n<td>16<\/td>\n<td>8.25<\/td>\n<td>146\/143<\/td>\n<td>M<\/td>\n<td>279<\/td>\n<td>1054<\/td>\n<td>20.5<\/td>\n<td>3000<\/td>\n<td>2725<\/td>\n<td>215<\/td>\n<\/tr>\n<tr>\n<td>295\/80R22.5<\/td>\n<td>18<\/td>\n<td>9.00<\/td>\n<td>152\/149<\/td>\n<td>L<\/td>\n<td>298<\/td>\n<td>1047<\/td>\n<td>19.5<\/td>\n<td>3550<\/td>\n<td>3250<\/td>\n<td>224<\/td>\n<\/tr>\n<\/tbody>\n<\/table>\n","protected":false},"excerpt":{"rendered":"<h2>FR202 <a href=\"https:\/\/neumaticoparacamion.com\/?page_id=49\">llantas y llantas<\/a> son neum\u00e1ticos radiales para camiones adecuados para la posici\u00f3n de conducci\u00f3n de camiones mixtos-venta de llantas 22.5<\/h2>\n","protected":false},"featured_media":325,"comment_status":"open","ping_status":"closed","template":"","meta":[],"product_cat":[15],"product_tag":[],"_links":{"self":[{"href":"https:\/\/neumaticoparacamion.com\/index.php?rest_route=\/wp\/v2\/product\/251"}],"collection":[{"href":"https:\/\/neumaticoparacamion.com\/index.php?rest_route=\/wp\/v2\/product"}],"about":[{"href":"https:\/\/neumaticoparacamion.com\/index.php?rest_route=\/wp\/v2\/types\/product"}],"replies":[{"embeddable":true,"href":"https:\/\/neumaticoparacamion.com\/index.php?rest_route=%2Fwp%2Fv2%2Fcomments&post=251"}],"wp:featuredmedia":[{"embeddable":true,"href":"https:\/\/neumaticoparacamion.com\/index.php?rest_route=\/wp\/v2\/media\/325"}],"wp:attachment":[{"href":"https:\/\/neumaticoparacamion.com\/index.php?rest_route=%2Fwp%2Fv2%2Fmedia&parent=251"}],"wp:term":[{"taxonomy":"product_cat","embeddable":true,"href":"https:\/\/neumaticoparacamion.com\/index.php?rest_route=%2Fwp%2Fv2%2Fproduct_cat&post=251"},{"taxonomy":"product_tag","embeddable":true,"href":"https:\/\/neumaticoparacamion.com\/index.php?rest_route=%2Fwp%2Fv2%2Fproduct_tag&post=251"}],"curies":[{"name":"wp","href":"https:\/\/api.w.org\/{rel}","templated":true}]}}