{"id":254,"date":"2023-11-14T08:44:18","date_gmt":"2023-11-14T08:44:18","guid":{"rendered":"https:\/\/neumaticoparacamion.com\/?post_type=product&#038;p=254"},"modified":"2024-02-28T06:29:56","modified_gmt":"2024-02-28T06:29:56","slug":"neumatico-315-80-r-22-5-fd807-son-neumaticos","status":"publish","type":"product","link":"https:\/\/neumaticoparacamion.com\/?product=neumatico-315-80-r-22-5-fd807-son-neumaticos","title":{"rendered":"FD807 Rueda de tracci\u00f3n"},"content":{"rendered":"<h3>Caracter\u00edsticas<\/h3>\n<ul>\n<li>Las ranuras transversales ensanchadas en los hombros mejoran el rendimiento de conducci\u00f3n y la resistencia al deslizamiento del neum\u00e1tico.<\/li>\n<li>La mayor saturaci\u00f3n del patr\u00f3n y la superficie de conducci\u00f3n ensanchada mejoran efectivamente la vida \u00fatil de los neum\u00e1ticos\uff0cllantas marcas<\/li>\n<li>Las barras de conexi\u00f3n de bloques garantizan que los bloques no se rompan ni se caigan.<\/li>\n<\/ul>\n<h3>Especificaci\u00f3n<\/h3>\n<table width=\"1122\">\n<tbody>\n<tr>\n<td rowspan=\"2\" width=\"131\">Medida<\/td>\n<td rowspan=\"2\" width=\"415\">PR<\/td>\n<td width=\"62\">Est\u00e1ndar<\/td>\n<td width=\"54\">Carga<\/td>\n<td rowspan=\"2\" width=\"70\">Velocidad<br \/>\nvaluaci\u00f3n<\/td>\n<td rowspan=\"2\" width=\"93\">Ancho de la secci\u00f3n(mm)<\/td>\n<td rowspan=\"2\" width=\"54\">O.D(mm)<\/td>\n<td rowspan=\"2\" width=\"67\">Profundidad de la banda de rodadura(mm)<\/td>\n<td colspan=\"2\" width=\"108\">Capacidad de carga<\/td>\n<td rowspan=\"2\" width=\"65\">Ancho de la pisada (mm)<\/td>\n<\/tr>\n<tr>\n<td width=\"62\">Rim<\/td>\n<td width=\"54\">\u00edndice<\/td>\n<td width=\"54\">Soltero<\/td>\n<td width=\"54\">\u00a0Doble<\/td>\n<\/tr>\n<tr>\n<td width=\"131\">295\/80R22.5<\/td>\n<td width=\"415\">18<\/td>\n<td width=\"62\">9.00<\/td>\n<td width=\"54\">152\/149<\/td>\n<td width=\"70\">L<\/td>\n<td width=\"93\">298<\/td>\n<td width=\"54\">1044<\/td>\n<td width=\"67\">20.0<\/td>\n<td>3550<\/td>\n<td>3250<\/td>\n<td>224<\/td>\n<\/tr>\n<tr>\n<td width=\"131\">S MULTI 315\/80R22.5<\/td>\n<td width=\"415\">20<\/td>\n<td width=\"62\">9.00<\/td>\n<td width=\"54\">157\/154<\/td>\n<td width=\"70\">K<\/td>\n<td width=\"93\">312<\/td>\n<td width=\"54\">1076<\/td>\n<td width=\"67\">21.5<\/td>\n<td width=\"54\">4125<\/td>\n<td width=\"54\">3750<\/td>\n<td>246<\/td>\n<\/tr>\n<\/tbody>\n<\/table>\n","protected":false},"excerpt":{"rendered":"<h2><a href=\"https:\/\/neumaticoparacamion.com\/?page_id=49\">Neumatico 315 80 r 22.5<\/a> FD807 son neum\u00e1ticos para camiones de carretera adecuados para la posici\u00f3n de conducci\u00f3n de camiones regionales<\/h2>\n","protected":false},"featured_media":322,"comment_status":"open","ping_status":"closed","template":"","meta":[],"product_cat":[15],"product_tag":[],"_links":{"self":[{"href":"https:\/\/neumaticoparacamion.com\/index.php?rest_route=\/wp\/v2\/product\/254"}],"collection":[{"href":"https:\/\/neumaticoparacamion.com\/index.php?rest_route=\/wp\/v2\/product"}],"about":[{"href":"https:\/\/neumaticoparacamion.com\/index.php?rest_route=\/wp\/v2\/types\/product"}],"replies":[{"embeddable":true,"href":"https:\/\/neumaticoparacamion.com\/index.php?rest_route=%2Fwp%2Fv2%2Fcomments&post=254"}],"wp:featuredmedia":[{"embeddable":true,"href":"https:\/\/neumaticoparacamion.com\/index.php?rest_route=\/wp\/v2\/media\/322"}],"wp:attachment":[{"href":"https:\/\/neumaticoparacamion.com\/index.php?rest_route=%2Fwp%2Fv2%2Fmedia&parent=254"}],"wp:term":[{"taxonomy":"product_cat","embeddable":true,"href":"https:\/\/neumaticoparacamion.com\/index.php?rest_route=%2Fwp%2Fv2%2Fproduct_cat&post=254"},{"taxonomy":"product_tag","embeddable":true,"href":"https:\/\/neumaticoparacamion.com\/index.php?rest_route=%2Fwp%2Fv2%2Fproduct_tag&post=254"}],"curies":[{"name":"wp","href":"https:\/\/api.w.org\/{rel}","templated":true}]}}