{"id":264,"date":"2023-11-15T02:11:43","date_gmt":"2023-11-15T02:11:43","guid":{"rendered":"https:\/\/neumaticoparacamion.com\/?post_type=product&#038;p=264"},"modified":"2024-02-28T06:04:51","modified_gmt":"2024-02-28T06:04:51","slug":"llantas-para-camion-de-volteo-el-forlander-fa326","status":"publish","type":"product","link":"https:\/\/neumaticoparacamion.com\/?product=llantas-para-camion-de-volteo-el-forlander-fa326","title":{"rendered":"FA326 Ruedas de remolque"},"content":{"rendered":"<h3>Caracter\u00edsticas<\/h3>\n<ul>\n<li>Hombro s\u00f3lido dise\u00f1ado para reducir la abrasi\u00f3n desigual de la carcasa.<\/li>\n<li>Compuesto especial de la banda de rodadura y relaci\u00f3n razonable entre bloques y surcos dise\u00f1ados para proporcionar una excelente calidad.<\/li>\n<li>Compuestos especiales para la banda de rodadura para reducir el calor de los neum\u00e1ticos<\/li>\n<\/ul>\n<h3>Especificaci\u00f3n<\/h3>\n<table width=\"1056\">\n<tbody>\n<tr>\n<td rowspan=\"2\" width=\"131\">Medida<\/td>\n<td rowspan=\"2\" width=\"415\">PR<\/td>\n<td width=\"62\">Est\u00e1ndar<\/td>\n<td width=\"54\">Carga<\/td>\n<td rowspan=\"2\" width=\"70\">Velocidad<br \/>\nvaluaci\u00f3n<\/td>\n<td rowspan=\"2\" width=\"93\">Ancho de la secci\u00f3n(mm)<\/td>\n<td rowspan=\"2\" width=\"54\">O.D(mm)<\/td>\n<td rowspan=\"2\" width=\"67\">Profundidad de la banda de rodadura(mm)<\/td>\n<td colspan=\"2\" width=\"108\">Capacidad de carga<\/td>\n<\/tr>\n<tr>\n<td width=\"62\">Rim<\/td>\n<td width=\"54\">\u00edndice<\/td>\n<td width=\"54\">Soltero<\/td>\n<td width=\"54\">\u00a0Doble<\/td>\n<\/tr>\n<tr>\n<td width=\"131\">10.00R20<\/td>\n<td width=\"415\">18**<\/td>\n<td width=\"62\">7.50<\/td>\n<td width=\"54\">149\/146<\/td>\n<td width=\"70\">K<\/td>\n<td width=\"93\">278<\/td>\n<td width=\"54\">1054<\/td>\n<td width=\"67\">17.5<\/td>\n<td width=\"54\">3250<\/td>\n<td width=\"54\">3000<\/td>\n<\/tr>\n<\/tbody>\n<\/table>\n","protected":false},"excerpt":{"rendered":"<h2><a href=\"https:\/\/neumaticoparacamion.com\/?page_id=49\">llantas para camion de volteo<\/a> El Forlander FA326 es un neum\u00e1tico para todas las posiciones adecuado para carreteras mixtas<\/h2>\n","protected":false},"featured_media":304,"comment_status":"open","ping_status":"closed","template":"","meta":[],"product_cat":[15],"product_tag":[],"_links":{"self":[{"href":"https:\/\/neumaticoparacamion.com\/index.php?rest_route=\/wp\/v2\/product\/264"}],"collection":[{"href":"https:\/\/neumaticoparacamion.com\/index.php?rest_route=\/wp\/v2\/product"}],"about":[{"href":"https:\/\/neumaticoparacamion.com\/index.php?rest_route=\/wp\/v2\/types\/product"}],"replies":[{"embeddable":true,"href":"https:\/\/neumaticoparacamion.com\/index.php?rest_route=%2Fwp%2Fv2%2Fcomments&post=264"}],"wp:featuredmedia":[{"embeddable":true,"href":"https:\/\/neumaticoparacamion.com\/index.php?rest_route=\/wp\/v2\/media\/304"}],"wp:attachment":[{"href":"https:\/\/neumaticoparacamion.com\/index.php?rest_route=%2Fwp%2Fv2%2Fmedia&parent=264"}],"wp:term":[{"taxonomy":"product_cat","embeddable":true,"href":"https:\/\/neumaticoparacamion.com\/index.php?rest_route=%2Fwp%2Fv2%2Fproduct_cat&post=264"},{"taxonomy":"product_tag","embeddable":true,"href":"https:\/\/neumaticoparacamion.com\/index.php?rest_route=%2Fwp%2Fv2%2Fproduct_tag&post=264"}],"curies":[{"name":"wp","href":"https:\/\/api.w.org\/{rel}","templated":true}]}}