{"id":268,"date":"2023-11-15T02:42:51","date_gmt":"2023-11-15T02:42:51","guid":{"rendered":"https:\/\/neumaticoparacamion.com\/?post_type=product&#038;p=268"},"modified":"2024-02-28T06:00:57","modified_gmt":"2024-02-28T06:00:57","slug":"llantas-buenas-y-baratas-fr818","status":"publish","type":"product","link":"https:\/\/neumaticoparacamion.com\/?product=llantas-buenas-y-baratas-fr818","title":{"rendered":"FR818 Todas la posici\u00f3n"},"content":{"rendered":"<h3>Caracter\u00edsticas<\/h3>\n<ul>\n<li>Las ranuras en zigzag y las ranuras poco profundas proporcionan un fuerte agarre en climas secos y h\u00famedos para reducir el derrape.<\/li>\n<li>Los hombros resistentes reducen el desgaste desigual.<\/li>\n<li>El dise\u00f1o s\u00f3lido de los hombros, junto con el compuesto de la banda de rodadura que genera baja calor, garantiza que los neum\u00e1ticos permanezcan fr\u00edos y se desgasten uniformemente<\/li>\n<li>durante la conducci\u00f3n continua a alta velocidad<\/li>\n<\/ul>\n<h3>Especificaci\u00f3n<\/h3>\n<table width=\"1122\">\n<tbody>\n<tr>\n<td rowspan=\"2\" width=\"131\">Medida<\/td>\n<td rowspan=\"2\" width=\"415\">PR<\/td>\n<td width=\"62\">Est\u00e1ndar<\/td>\n<td width=\"54\">Carga<\/td>\n<td rowspan=\"2\" width=\"70\">Velocidad<br \/>\nvaluaci\u00f3n<\/td>\n<td rowspan=\"2\" width=\"93\">Ancho de la secci\u00f3n(mm)<\/td>\n<td rowspan=\"2\" width=\"54\">O.D(mm)<\/td>\n<td rowspan=\"2\" width=\"67\">Profundidad de la banda de rodadura(mm)<\/td>\n<td colspan=\"2\" width=\"108\">Capacidad de carga<\/td>\n<td rowspan=\"2\" width=\"65\">Ancho de la pisada (mm)<\/td>\n<\/tr>\n<tr>\n<td width=\"62\">Rim<\/td>\n<td width=\"54\">\u00edndice<\/td>\n<td width=\"54\">Soltero<\/td>\n<td width=\"54\">\u00a0Doble<\/td>\n<\/tr>\n<tr>\n<td width=\"131\">7.00r16<\/td>\n<td>14<\/td>\n<td>5.50<\/td>\n<td>118\/114<\/td>\n<td width=\"70\">L<\/td>\n<td>200<\/td>\n<td>771<\/td>\n<td>11.0<\/td>\n<td>1320<\/td>\n<td>1180<\/td>\n<td>154<\/td>\n<\/tr>\n<tr>\n<td width=\"131\">11R22.5<\/td>\n<td width=\"415\">18<\/td>\n<td width=\"62\">8.25<\/td>\n<td width=\"54\">149\/146<\/td>\n<td width=\"70\">L<\/td>\n<td width=\"93\">279<\/td>\n<td width=\"54\">1054<\/td>\n<td width=\"67\">16.0<\/td>\n<td width=\"54\">3250<\/td>\n<td width=\"54\">3000<\/td>\n<td>220<\/td>\n<\/tr>\n<tr>\n<td width=\"131\">11R24.5<\/td>\n<td width=\"415\">16<\/td>\n<td width=\"62\">8.25<\/td>\n<td width=\"54\">149\/146<\/td>\n<td>L<\/td>\n<td width=\"93\">279<\/td>\n<td width=\"54\">1100<\/td>\n<td width=\"67\">16.0<\/td>\n<td width=\"54\">3250<\/td>\n<td width=\"54\">3000<\/td>\n<td>220<\/td>\n<\/tr>\n<tr>\n<td width=\"131\">13 r 22 5<\/td>\n<td width=\"415\">20<\/td>\n<td width=\"62\">9.75<\/td>\n<td width=\"54\">154\/151<\/td>\n<td width=\"70\">K<\/td>\n<td width=\"93\">320<\/td>\n<td width=\"54\">1126<\/td>\n<td width=\"67\">18.0<\/td>\n<td width=\"54\">4000<\/td>\n<td width=\"54\">3650<\/td>\n<td>246<\/td>\n<\/tr>\n<tr>\n<td width=\"131\">13R22.5<\/td>\n<td>20**<\/td>\n<td>9.75<\/td>\n<td>154\/151<\/td>\n<td>K<\/td>\n<td>320<\/td>\n<td>1126<\/td>\n<td>20.0<\/td>\n<td>4000<\/td>\n<td>3650<\/td>\n<td>246<\/td>\n<\/tr>\n<tr>\n<td>295\/80R22.5<\/td>\n<td>18<\/td>\n<td>9.00<\/td>\n<td>152\/149<\/td>\n<td>L<\/td>\n<td width=\"93\">298<\/td>\n<td width=\"54\">1044<\/td>\n<td>16.0<\/td>\n<td>3550<\/td>\n<td>3250<\/td>\n<td>240<\/td>\n<\/tr>\n<tr>\n<td>315\/80R22.5<\/td>\n<td>20<\/td>\n<td>9.00<\/td>\n<td>157\/154<\/td>\n<td>K<\/td>\n<td>312<\/td>\n<td>1076<\/td>\n<td>16.0<\/td>\n<td>4125<\/td>\n<td>3750<\/td>\n<td>242<\/td>\n<\/tr>\n<\/tbody>\n<\/table>\n","protected":false},"excerpt":{"rendered":"<h2><a href=\"https:\/\/neumaticoparacamion.com\/?page_id=49\">Llantas Buenas y Baratas<\/a> FR818 13 r 22 5 son buenos neum\u00e1ticos para camiones ligeros adecuados para camiones regionales en todas las posiciones<\/h2>\n","protected":false},"featured_media":269,"comment_status":"open","ping_status":"closed","template":"","meta":[],"product_cat":[15],"product_tag":[],"_links":{"self":[{"href":"https:\/\/neumaticoparacamion.com\/index.php?rest_route=\/wp\/v2\/product\/268"}],"collection":[{"href":"https:\/\/neumaticoparacamion.com\/index.php?rest_route=\/wp\/v2\/product"}],"about":[{"href":"https:\/\/neumaticoparacamion.com\/index.php?rest_route=\/wp\/v2\/types\/product"}],"replies":[{"embeddable":true,"href":"https:\/\/neumaticoparacamion.com\/index.php?rest_route=%2Fwp%2Fv2%2Fcomments&post=268"}],"wp:featuredmedia":[{"embeddable":true,"href":"https:\/\/neumaticoparacamion.com\/index.php?rest_route=\/wp\/v2\/media\/269"}],"wp:attachment":[{"href":"https:\/\/neumaticoparacamion.com\/index.php?rest_route=%2Fwp%2Fv2%2Fmedia&parent=268"}],"wp:term":[{"taxonomy":"product_cat","embeddable":true,"href":"https:\/\/neumaticoparacamion.com\/index.php?rest_route=%2Fwp%2Fv2%2Fproduct_cat&post=268"},{"taxonomy":"product_tag","embeddable":true,"href":"https:\/\/neumaticoparacamion.com\/index.php?rest_route=%2Fwp%2Fv2%2Fproduct_tag&post=268"}],"curies":[{"name":"wp","href":"https:\/\/api.w.org\/{rel}","templated":true}]}}