{"id":270,"date":"2023-11-15T02:46:57","date_gmt":"2023-11-15T02:46:57","guid":{"rendered":"https:\/\/neumaticoparacamion.com\/?post_type=product&#038;p=270"},"modified":"2024-02-28T05:58:40","modified_gmt":"2024-02-28T05:58:40","slug":"neumaticos-1200-r24-fr216-es-un-neumatico","status":"publish","type":"product","link":"https:\/\/neumaticoparacamion.com\/?product=neumaticos-1200-r24-fr216-es-un-neumatico","title":{"rendered":"FR216 Todas la posici\u00f3n"},"content":{"rendered":"<h3>Caracter\u00edsticas<\/h3>\n<ul>\n<li>En comparaci\u00f3n con los neum\u00e1ticos 12.00R24 anteriores, se trata de una nueva generaci\u00f3n, con una cavidad m\u00e1s grande y una mayor capacidad de carga.<\/li>\n<li>Este neum\u00e1tico TL tambi\u00e9n se puede utilizar como neum\u00e1tico con c\u00e1mara si se combinan bien una c\u00e1mara y una aleta.<\/li>\n<li>El radian de corona optimizado hace que la distribuci\u00f3n de la tensi\u00f3n sea m\u00e1s uniforme y la superficie de conducci\u00f3n ensanchada proporciona una vida \u00fatil m\u00e1s larga.<\/li>\n<\/ul>\n<h3>Especificaci\u00f3n<\/h3>\n<table style=\"height: 148px;\" width=\"1209\">\n<tbody>\n<tr>\n<td rowspan=\"2\" width=\"131\">Medida<\/td>\n<td rowspan=\"2\" width=\"415\">PR<\/td>\n<td width=\"62\">Est\u00e1ndar<\/td>\n<td width=\"54\">Carga<\/td>\n<td rowspan=\"2\" width=\"70\">Velocidad<br \/>\nvaluaci\u00f3n<\/td>\n<td rowspan=\"2\" width=\"93\">Ancho de la secci\u00f3n(mm)<\/td>\n<td rowspan=\"2\" width=\"54\">O.D(mm)<\/td>\n<td rowspan=\"2\" width=\"67\">Profundidad de la banda de rodadura(mm)<\/td>\n<td colspan=\"2\" width=\"108\">Capacidad de carga<\/td>\n<\/tr>\n<tr>\n<td width=\"62\">Rim<\/td>\n<td width=\"54\">\u00edndice<\/td>\n<td width=\"54\">Soltero<\/td>\n<td width=\"54\">\u00a0Doble<\/td>\n<\/tr>\n<tr>\n<td width=\"131\">12.00R24-1200 r24<\/td>\n<td width=\"415\">20<\/td>\n<td width=\"62\">8.50<\/td>\n<td width=\"54\">160\/157<\/td>\n<td width=\"70\">K<\/td>\n<td width=\"93\">315<\/td>\n<td width=\"54\">1226<\/td>\n<td width=\"67\">15.5<\/td>\n<td>4500<\/td>\n<td>4125<\/td>\n<\/tr>\n<\/tbody>\n<\/table>\n","protected":false},"excerpt":{"rendered":"<h2>Neum\u00e1ticos<a href=\"https:\/\/neumaticoparacamion.com\/?page_id=49\"> 1200 r24<\/a> FR216 es un neum\u00e1tico de 24 pulgadas adecuado para camiones en todas las posiciones en carreteras-llantas tires<\/h2>\n","protected":false},"featured_media":271,"comment_status":"open","ping_status":"closed","template":"","meta":[],"product_cat":[15],"product_tag":[],"_links":{"self":[{"href":"https:\/\/neumaticoparacamion.com\/index.php?rest_route=\/wp\/v2\/product\/270"}],"collection":[{"href":"https:\/\/neumaticoparacamion.com\/index.php?rest_route=\/wp\/v2\/product"}],"about":[{"href":"https:\/\/neumaticoparacamion.com\/index.php?rest_route=\/wp\/v2\/types\/product"}],"replies":[{"embeddable":true,"href":"https:\/\/neumaticoparacamion.com\/index.php?rest_route=%2Fwp%2Fv2%2Fcomments&post=270"}],"wp:featuredmedia":[{"embeddable":true,"href":"https:\/\/neumaticoparacamion.com\/index.php?rest_route=\/wp\/v2\/media\/271"}],"wp:attachment":[{"href":"https:\/\/neumaticoparacamion.com\/index.php?rest_route=%2Fwp%2Fv2%2Fmedia&parent=270"}],"wp:term":[{"taxonomy":"product_cat","embeddable":true,"href":"https:\/\/neumaticoparacamion.com\/index.php?rest_route=%2Fwp%2Fv2%2Fproduct_cat&post=270"},{"taxonomy":"product_tag","embeddable":true,"href":"https:\/\/neumaticoparacamion.com\/index.php?rest_route=%2Fwp%2Fv2%2Fproduct_tag&post=270"}],"curies":[{"name":"wp","href":"https:\/\/api.w.org\/{rel}","templated":true}]}}